{"id":2888,"date":"2022-06-20T22:38:01","date_gmt":"2022-06-20T22:38:01","guid":{"rendered":"https:\/\/primiciaselectiva.com\/?post_type=product&#038;p=2888"},"modified":"2022-07-13T03:24:56","modified_gmt":"2022-07-13T03:24:56","slug":"camiseta-hombre-08","status":"publish","type":"product","link":"https:\/\/primiciaselectiva.com\/index.php\/product\/camiseta-hombre-08\/","title":{"rendered":"Camiseta Negra dise\u00f1o \u00e9tnico"},"content":{"rendered":"<p>Camiseta Negra dise\u00f1o \u00e9tnico<\/p>\n","protected":false},"excerpt":{"rendered":"<p>Camiseta Negra dise\u00f1o \u00e9tnico<\/p>\n","protected":false},"featured_media":2920,"template":"redux-templates_canvas","meta":{"_et_pb_use_builder":"","_et_pb_old_content":"","_et_gb_content_width":""},"product_cat":[85,43],"product_tag":[],"class_list":{"0":"post-2888","1":"product","2":"type-product","3":"status-publish","4":"has-post-thumbnail","6":"product_cat-linea-masculina","7":"product_cat-rey-david","8":"pa_estampado-estampado-01","9":"pa_estampado-estampado-02","10":"pa_estampado-estampado-03","11":"pa_estampado-estampado-04","12":"pa_estampado-estampado-05","13":"pa_estampado-estampado-06","14":"pa_talla-s","15":"pa_talla-m","16":"pa_talla-l","17":"pa_talla-xl","18":"pa_talla-xxl","20":"first","21":"instock","22":"taxable","23":"shipping-taxable","24":"purchasable","25":"product-type-variable"},"_links":{"self":[{"href":"https:\/\/primiciaselectiva.com\/index.php\/wp-json\/wp\/v2\/product\/2888","targetHints":{"allow":["GET"]}}],"collection":[{"href":"https:\/\/primiciaselectiva.com\/index.php\/wp-json\/wp\/v2\/product"}],"about":[{"href":"https:\/\/primiciaselectiva.com\/index.php\/wp-json\/wp\/v2\/types\/product"}],"wp:featuredmedia":[{"embeddable":true,"href":"https:\/\/primiciaselectiva.com\/index.php\/wp-json\/wp\/v2\/media\/2920"}],"wp:attachment":[{"href":"https:\/\/primiciaselectiva.com\/index.php\/wp-json\/wp\/v2\/media?parent=2888"}],"wp:term":[{"taxonomy":"product_cat","embeddable":true,"href":"https:\/\/primiciaselectiva.com\/index.php\/wp-json\/wp\/v2\/product_cat?post=2888"},{"taxonomy":"product_tag","embeddable":true,"href":"https:\/\/primiciaselectiva.com\/index.php\/wp-json\/wp\/v2\/product_tag?post=2888"}],"curies":[{"name":"wp","href":"https:\/\/api.w.org\/{rel}","templated":true}]}}